2*w + 166. Let k(n) = 7*n**3 - 21*n**2 - 5*n + 79. Let g(t) = -9*k(t) + 4*x(t). Determine g(-25).
28
Let v be 1736/279 - -1*2/(-9). Let n(l) = 33*l - v*l - 30*l - 3*l. Give n(1).
-6
Let h = 5450 - 5459. Let u(n) = 3*n + 6. Give u(h).
-21
Let i(a) = 2*a**2 - 2*a - 2. Let f(u) = u**3 + 12*u**2 + 7*u + 20. Let r be f(-9). Suppose 16*v = 12*v + r. Let g = v + -48. What is i(g)?
2
Let o be (19/((-38)/(-12)))/3. Let x(t) = 7*t**2 - 3*t - 20. Let z(h) = -2*h**2 + h + 7. Let u(b) = -6*x(b) - 17*z(b). Determine u(o).
-29
Let s(w) = -2*w**2 + 4*w. Let n = -12 + 23. Suppose 3 = -q + n. Suppose 9 = -q*b + 33. Give s(b).
-6
Suppose 1543 = -7*x - 340. Let a = -270 - x. Let j(d) = 0*d + 4*d + d**2 + 4*d**3 - 3*d. Give j(a).
-4
Let d(l) = -4*l**2 + 3*l + 1. Let s(n) = -30*n**2 + 20*n + 12. Let m(f) = -8*d(f) + s(f). What is m(1)?
2
Let m(z) be the first derivative of 1/2*z**2 - z - 110. Determine m(-4).
-5
Suppose 5*u - 14 = 6. Let d(j) be the first derivative of -j**2 + 4557. Calculate d(u).
-8
Suppose -5*q + 22 = 4*g, -4*g - q - 2 = -16. Suppose g = -2*m - 3*b, 0 = -5*m + b + 3*b + 27. Let t(h) = -h**3 + 2*h**2 + 3*h - 2. What is t(m)?
-2
Let m(y) be the third derivative of 1/8*y**4 + 1/3*y**3 + 0*y - 1/30*y**5 + 2*y**2 + 0. Suppose -7*o - 8 = -29. Calculate m(o).
-7
Let y(x) = x**3 + 2*x**2 - 6*x + 3. Suppose 5*v = 3*j - 35, -5*v + 25 = 2*j + 10. Let m be 1/(2/j*160/(-128)). What is y(m)?
-5
Let j(q) = -q**2 - 5*q - 7. Let g = -7490 + 7486. Determine j(g).
-3
Let n(q) be the first derivative of -q**3/3 - 15*q**2 - 135*q + 9692. Determine n(-25).
-10
Suppose 0 = -4*s + 16, 3*m + 2*s - 3*s - 143 = 0. Suppose 21 = -4*b + j - 19, m = -5*b + j. Let p(g) = g - 6. Calculate p(b).
-15
Let v(j) be the first derivative of -2*j**3/3 + 2*j - 8. Let m be ((-4 - -3) + 9/6)*8. Suppose p - 2 = m*w + 6, -6 = 3*w + 2*p. Give v(w).
-6
Let p(h) be the second derivative of h**6/720 + h**5/60 + h**4/6 - 13*h**3/3 - 147*h. Let b(d) be the third derivative of p(d). Give b(14).
16
Let l(u) = 5*u**2 - 2*u + 1. Suppose 0 = -2*s, 11 + 1 = 2*t + 5*s. Let o = 14 + -15. Let j be (o/t - 3/90)*-5. Calculate l(j).
4
Let v(o) = 11*o + 38. Let r = -24729 - -24720. Determine v(r).
-61
Suppose -63*g + 704 = g. Let p(s) be the first derivative of -s**3/3 + 6*s**2 - 14*s - 12. What is p(g)?
-3
Let g(a) = 147*a + 44 - 371*a + 216*a. What is g(6)?
-4
Let r(m) = 12*m**3 + m**2 + 4*m - 13. Let d(z) = -z**2 + z + 4. Let x(p) = -2*d(p) - r(p). Determine x(1).
-12
Let b = 1104 - 1100. Let c(t) = 4*t - 1 - b*t + 5*t - 4*t. Let j(f) = -f - 10. Let u be j(-7). Determine c(u).
-4
Let a(n) be the first derivative of 4/3*n**3 + 86 - n**2 + 1/4*n**4 - 4*n. What is a(-3)?
11
Let g(o) = o**3 + 25*o**2 - 26*o + 7. Let t = -5497 - -5471. Give g(t).
7
Let n(x) = 13*x**2 - x**3 - 1943*x + 3892*x - 13 - 1963*x. Calculate n(12).
-37
Suppose 226*c + 230 = 1586. Let x(i) = -2*i**2 + 5*i + 14. Determine x(c).
-28
Let k(c) = c**2 - c + 1. Let n(j) = -2*j**2 - 5*j. Let r(h) = -3*k(h) - n(h). Let z = -148 + -973. Let q = -1113 - z. What is r(q)?
-3
Let f be (-35)/(-2)*(-104)/(-182). Let v(t) = -10 - 17 + 4*t + t**2 + f*t**3 + 31. Let x be v(-1). Let l(d) = -2*d - 10. What is l(x)?
8
Suppose 2*h + 141 = 43. Let c = -9 - h. Let t be (-12)/c*-12 + 6/15. Let i(q) = q**3 - 5*q**2 + 3*q - 5. Give i(t).
-9
Let k = -3087 - -3086. Let i(z) = -20*z - 1. What is i(k)?
19
Let x(q) = 8*q**2 + 46*q - 26. Let j(k) = 9*k**2 + 45*k - 26. Let z(s) = -5*j(s) + 6*x(s). Give z(-18).
28
Let v(m) = 42*m - 248. Let b = 12176 + -12170. Calculate v(b).
4
Let s(w) = 30*w + 519. Let r(n) = 15*n + 203. Let i(d) = 5*r(d) - 2*s(d). Determine i(1).
-8
Let j(o) = o**3 - 11*o**2 - o + 3. Suppose 33*u = 22*u + 1661. Suppose 6*s + u = 217. Give j(s).
-8
Let k(s) = 13852 - s - 27723 - 3*s**3 + 4*s**3 + 13857 + 5*s**2. What is k(-4)?
6
Let j(c) = 11*c**3 + c**2 + 16*c + 11. Let f(o) = 8*o**3 + o**2 + 11*o + 8. Let w(y) = 7*f(y) - 5*j(y). Determine w(1).
1
Let y be 90/135*-15*1/4*-14. Let j(l) = 3*l**2 - 105*l - 4. Calculate j(y).
-4
Let d(b) = -48 + 0*b - 15*b - 10*b - 12*b + 2*b**2. Determine d(20).
12
Let c(u) = -u**2 + 5*u - 1. Suppose 0 = -3*t, 115 = -5*f + t - 155. Let j = 61 + f. Determine c(j).
-15
Let s(o) = 6*o**2 - 36. Let p(c) = -3*c**2 - c + 17. Let d(w) = -5*p(w) - 2*s(w). Determine d(3).
29
Let c(t) = 3*t - 3. Suppose 0*j = 5*j - 3*j. Suppose j*u + 4*u - 25 = -q, -3*u = -2*q - 16. Let l be (0 - (2 - -1)) + u. What is c(l)?
6
Let c(u) be the first derivative of -16*u**2 + 4*u + 220. Determine c(1).
-28
Let i(u) = 8 - 54*u**2 + 3 + 0 - u**3 - 13*u + 1 + 40*u**2. Give i(-13).
12
Let o(x) be the first derivative of -x**3/3 + 3*x**2 - 7*x - 2. Let q be o(5). Let v(t) = 1 + 12 - 3 - t**2 - 7 - t**3 + 2*t. What is v(q)?
3
Let d = -10565 - -10560. Let f(h) = 12*h + 4. Give f(d).
-56
Let t(k) = 4*k + 5. Suppose -161 = 2*v - 328 + 171. Determine t(v).
-3
Let t be (2 + -3)*(-21 - -3) + 2. Suppose -6*v - 28 = t. Let b(k) = -k**2 - 14*k - 40. Let f be b(v). Let h(a) = -a. Determine h(f).
-8
Let l(d) = 5*d**2 + 3*d - d + 2*d - 5*d**2 + 6*d**2 - 2. Let n(w) = 11*w**2 + 6*w - 4. Let p(o) = 5*l(o) - 3*n(o). Determine p(-2).
-14
Let x(a) be the third derivative of a**4/8 + 2*a**3 + 7*a**2 + 46. Calculate x(-9).
-15
Let l be -69 + (-2*(-2)/4 - 3). Suppose -125 = 3*v + 73. Let g = l - v. Let a(b) = -b**3 - 6*b**2 - 5*b - 2. Calculate a(g).
-2
Let t = 17109 + -17098. Let y(l) = 46*l - 510. Determine y(t).
-4
Let j(q) be the third derivative of -q**5/30 - 17*q**4/24 - 8*q**3/3 - 518*q**2. Determine j(-8).
-8
Let a(m) = -5*m**3 + 14*m**2 + 7*m - 8. Let o = 630 - 637. Let q(t) = -2*t**3 + 7*t**2 + 4*t - 3. Let z(p) = o*q(p) + 3*a(p). Let w = 6 - 11. Give z(w).
-18
Let s = -65 - -145. Suppose -6 - 4 = n - 2*a, -4*a = -5*n - s. Let o = n + 26. Let y(q) = q**2 - 6*q + 4. Give y(o).
4
Let k(g) = 1 - g + 3*g**3 + 3 - 2 - 3*g**2. Suppose 22*y - 23 = 23*y - 2*b, 3*y = -2*b - 77. Let c be (6/15)/((-5)/y). What is k(c)?
12
Let d = 40 - 38. Let o be (d - (-44)/(-20))*(2 + -7). Let y(j) be the third derivative of -j**5/12 - j**4/24 + 7*j**2. What is y(o)?
-6
Let h(b) = -34*b - 39*b - 5338*b**2 + b**3 + 32 + 5329*b**2. Calculate h(14).
-10
Let j(f) = 5*f - 25. Let p(c) = -7*c + 15*c - 5*c - 33 - 7*c. Let i be p(-10). Let s be j(i). Let y(a) = a**2 - 11*a + 7. Calculate y(s).
-3
Let f(j) = -3*j**2 + j - 1. Suppose -7*b + 5*i - 4125 = -2*b, 0 = -2*i + 6. Let o = b + 820. What is f(o)?
-15
Suppose 9*d - 13*d + 24 = 0. Let k(u) = d*u**2 + 5*u**2 + 6*u**2 - 7*u - 18*u**2 - 3. Suppose -4*y + y - 21 = 0. Determine k(y).
-3
Let d(p) = p**2 - 5*p - 6. Let f be d(6). Let x(k) = -3*k + 0*k - 1 + f*k. Let q(t) = 2*t**3 + 32*t**2 - 43*t - 691. Let y be q(-16). Determine x(y).
8
Let r(v) = -v**3 - 9*v**2 - 10*v - 10. Let y be (((-7)/3)/7)/(2/30). Let b(l) = l**3 + 7*l**2 + 10*l - 8. Let n be b(y). Calculate r(n).
6
Let f(y) = 2*y**2 + 895*y - 897*y - 506 - y**3 + 501. Determine f(3).
-20
Let k(h) be the second derivative of -h**4/6 + h**3/2 + 2*h - 572. Calculate k(2).
-2
Let v(n) = n**3 + 2*n**2 - 37*n - 9. Suppose -31 = 8*g - 56 + 81. Calculate v(g).
5
Let l(o) = o**2 - 22*o - 89. Let w = -22957 + 22953. What is l(w)?
15
Let h(c) = 9*c**3 + c**2 + 6*c + 4. Suppose -73 = 17*l - 56. What is h(l)?
-10
Suppose -u + 4 = 12. Let t(x) = 18*x - 2. Let g(i) = -112*i + 10. Let z(n) = -g(n) - 6*t(n). Give z(u).
-30
Let a(k) = k + 6. Let d(s) = s**3 - 8*s**2 + 20*s - 43. Suppose 0 = 17*z - 21 - 81. Let b be d(z). Determine a(b).
11
Let g be 14/(-63) - (-58)/18. Let k(y) = 111 - 111 - 3*y**3 - 3*y**3 - 3*y + 4*y**2 + 5*y**3. What is k(g)?
0
Let g(t) = t**2 - 67*t + 618. Let h be g(56). Let q(a) = 2*a**3 + 5*a**2 - 6*a - 2. Let d(l) = -l**3 - l**2 + l + 1. Let r(s) = -4*d(s) - q(s). Determine r(h).
14
Suppose 7 = 4*r - 9. Suppose -d - r*c = -22, -14 - 24 = -3*d + 2*c. Suppose 0*k - d = -14*k. Let x(t) = -22*t + 1. Calculate x(k).
-21
Let j(g) = 4*g + g**2 - 58485 + 58489 - 3*g. Suppose 0*q - 3*q = 0. Let v be (q*1/(-2))/(-2). Determine j(v).
4
Let m(x) = -4*x**2 + 27*x - 9. Let w be m(6). Suppose 11*o = w*o - 4. Let a be (12/(-30)*o)/((-2)/5). Let z(c) = c**3 + 2*c**2 + 3*c + 1. Determine z(a).
-5
Let j = 8 - 6. Suppose 5*k = 4*t + 13 + j, -15 = 5*t - 5*k. Let c(g) = -78*g**2 + 2*g. Let m(y) = 235*y**2